{"id":25,"date":"2025-06-06T10:28:42","date_gmt":"2025-06-06T08:28:42","guid":{"rendered":"https:\/\/www.a-cappella-party.de\/wordpress\/?page_id=25"},"modified":"2025-09-11T22:45:52","modified_gmt":"2025-09-11T20:45:52","slug":"karten","status":"publish","type":"page","link":"https:\/\/www.a-cappella-party.de\/wordpress\/karten\/","title":{"rendered":"Karten"},"content":{"rendered":"\n<div class=\"wp-block-media-text has-media-on-the-right is-stacked-on-mobile\" style=\"grid-template-columns:auto 32%\"><div class=\"wp-block-media-text__content\">\n<p class=\"has-medium-font-size\"><strong><a href=\"https:\/\/acapellaparty.reservix.de\/events\">Hier geht es zum<\/a><\/strong><br><strong><a href=\"https:\/\/acapellaparty.reservix.de\/events\">Online-Vorverkauf<\/a><\/strong><\/p>\n<\/div><figure class=\"wp-block-media-text__media\"><a href=\"https:\/\/acapellaparty.reservix.de\/events\"><img loading=\"lazy\" decoding=\"async\" width=\"300\" height=\"143\" src=\"https:\/\/www.a-cappella-party.de\/wordpress\/wp-content\/uploads\/2025\/09\/Reservix_Banner_L-300x143.png\" alt=\"\" class=\"wp-image-204 size-medium\" srcset=\"https:\/\/www.a-cappella-party.de\/wordpress\/wp-content\/uploads\/2025\/09\/Reservix_Banner_L-300x143.png 300w, https:\/\/www.a-cappella-party.de\/wordpress\/wp-content\/uploads\/2025\/09\/Reservix_Banner_L.png 400w\" sizes=\"auto, (max-width: 300px) 100vw, 300px\" \/><\/a><\/figure><\/div>\n\n\n\n<p>Beide Abende werden am&nbsp;<strong>1.10.25<\/strong>&nbsp;um&nbsp;<strong>14:00 Uhr<\/strong> freigeschaltet. Die Tickets k\u00f6nnen nat\u00fcrlich auch vor Ort gekauft werden. Auch hier ist der Verkaufsbeginn der 1.10.25 um 14:00 Uhr. Unsere Vorverkaufsstellen sind:<\/p>\n\n\n\n<p><strong>CITTI Ticketcenter<br><\/strong>M\u00fchlendamm 1<br>24113 Kiel<\/p>\n\n\n\n<p><strong>Liesegang Ticketkontor<br><\/strong>Holstenstra\u00dfe 106-108<br>24103 Kiel<\/p>\n\n\n\n<div class=\"wp-block-columns are-vertically-aligned-top is-layout-flex wp-container-core-columns-is-layout-9d6595d7 wp-block-columns-is-layout-flex\">\n<div class=\"wp-block-column is-layout-flow wp-block-column-is-layout-flow\" style=\"flex-basis:68%\">\n<figure class=\"wp-block-image size-large\"><a href=\"https:\/\/www.a-cappella-party.de\/wordpress\/wp-content\/uploads\/2025\/09\/Saalplan-Audimax-2025.png\"><img loading=\"lazy\" decoding=\"async\" width=\"1024\" height=\"962\" src=\"https:\/\/www.a-cappella-party.de\/wordpress\/wp-content\/uploads\/2025\/09\/Saalplan-Audimax-2025-1024x962.png\" alt=\"\" class=\"wp-image-200\" srcset=\"https:\/\/www.a-cappella-party.de\/wordpress\/wp-content\/uploads\/2025\/09\/Saalplan-Audimax-2025-1024x962.png 1024w, https:\/\/www.a-cappella-party.de\/wordpress\/wp-content\/uploads\/2025\/09\/Saalplan-Audimax-2025-300x282.png 300w, https:\/\/www.a-cappella-party.de\/wordpress\/wp-content\/uploads\/2025\/09\/Saalplan-Audimax-2025-768x721.png 768w, https:\/\/www.a-cappella-party.de\/wordpress\/wp-content\/uploads\/2025\/09\/Saalplan-Audimax-2025-1536x1443.png 1536w, https:\/\/www.a-cappella-party.de\/wordpress\/wp-content\/uploads\/2025\/09\/Saalplan-Audimax-2025-2048x1924.png 2048w\" sizes=\"auto, (max-width: 1024px) 100vw, 1024px\" \/><\/a><\/figure>\n<\/div>\n\n\n\n<div class=\"wp-block-column is-layout-flow wp-block-column-is-layout-flow\" style=\"flex-basis:32%\">\n<p><strong><strong>Preisgruppe I<\/strong><\/strong>&nbsp;(rot)<br>32 \u20ac, erm\u00e4\u00dfigt 29 \u20ac<\/p>\n\n\n\n<p><strong> <strong>Preisgruppe II<\/strong><\/strong>&nbsp;(gelb)<br>26 \u20ac, erm\u00e4\u00dfigt 23 \u20ac<\/p>\n\n\n\n<p><strong>Preisgruppe III<\/strong>&nbsp;(gr\u00fcn)<br>20 \u20ac, erm\u00e4\u00dfigt 17 \u20ac<\/p>\n\n\n\n<p><strong>Preisgruppe IV<\/strong>&nbsp;(blau)<br>16 \u20ac, erm\u00e4\u00dfigt 13 \u20ac<\/p>\n\n\n\n<p>Rolli-Fahrer (20 \u20ac Parkett Reihe 1+2 am Rand) k\u00f6nnen eine Begleitperson kostenlos mitbringen. Ihr kauft gemeinsam ein Ticket, neben dem Sitz f\u00fcr die Begleitperson ist gut Platz f\u00fcr den Rollstuhl.<\/p>\n<\/div>\n<\/div>\n","protected":false},"excerpt":{"rendered":"<p>Hier geht es zumOnline-Vorverkauf Beide Abende werden am&nbsp;1.10.25&nbsp;um&nbsp;14:00 Uhr freigeschaltet. Die Tickets k\u00f6nnen nat\u00fcrlich auch vor Ort gekauft werden. Auch hier ist der Verkaufsbeginn der 1.10.25 um 14:00 Uhr. Unsere Vorverkaufsstellen sind: CITTI TicketcenterM\u00fchlendamm 124113 Kiel Liesegang TicketkontorHolstenstra\u00dfe 106-10824103 Kiel Preisgruppe I&nbsp;(rot)32 \u20ac, erm\u00e4\u00dfigt 29 \u20ac Preisgruppe II&nbsp;(gelb)26 \u20ac, erm\u00e4\u00dfigt 23 \u20ac Preisgruppe III&nbsp;(gr\u00fcn)20 \u20ac, [&hellip;]<\/p>\n","protected":false},"author":1,"featured_media":0,"parent":0,"menu_order":0,"comment_status":"closed","ping_status":"closed","template":"","meta":{"footnotes":""},"class_list":["post-25","page","type-page","status-publish","hentry"],"_links":{"self":[{"href":"https:\/\/www.a-cappella-party.de\/wordpress\/wp-json\/wp\/v2\/pages\/25","targetHints":{"allow":["GET"]}}],"collection":[{"href":"https:\/\/www.a-cappella-party.de\/wordpress\/wp-json\/wp\/v2\/pages"}],"about":[{"href":"https:\/\/www.a-cappella-party.de\/wordpress\/wp-json\/wp\/v2\/types\/page"}],"author":[{"embeddable":true,"href":"https:\/\/www.a-cappella-party.de\/wordpress\/wp-json\/wp\/v2\/users\/1"}],"replies":[{"embeddable":true,"href":"https:\/\/www.a-cappella-party.de\/wordpress\/wp-json\/wp\/v2\/comments?post=25"}],"version-history":[{"count":41,"href":"https:\/\/www.a-cappella-party.de\/wordpress\/wp-json\/wp\/v2\/pages\/25\/revisions"}],"predecessor-version":[{"id":232,"href":"https:\/\/www.a-cappella-party.de\/wordpress\/wp-json\/wp\/v2\/pages\/25\/revisions\/232"}],"wp:attachment":[{"href":"https:\/\/www.a-cappella-party.de\/wordpress\/wp-json\/wp\/v2\/media?parent=25"}],"curies":[{"name":"wp","href":"https:\/\/api.w.org\/{rel}","templated":true}]}}

<div class="wp-block-media-text has-media-on-the-right is-stacked-on-mobile" style="grid-template-columns:auto 32%"><div class="wp-block-media-text__content">
<p class="has-medium-font-size"><strong><a href="https://acapellaparty.reservix.de/events">Hier geht es zum</a></strong><br><strong><a href="https://acapellaparty.reservix.de/events">Online-Vorverkauf</a></strong></p>
</div><figure class="wp-block-media-text__media"><a href="https://acapellaparty.reservix.de/events"><img loading="lazy" decoding="async" width="300" height="143" src="https://www.a-cappella-party.de/wordpress/wp-content/uploads/2025/09/Reservix_Banner_L-300x143.png" alt="" class="wp-image-204 size-medium" srcset="https://www.a-cappella-party.de/wordpress/wp-content/uploads/2025/09/Reservix_Banner_L-300x143.png 300w, https://www.a-cappella-party.de/wordpress/wp-content/uploads/2025/09/Reservix_Banner_L.png 400w" sizes="auto, (max-width: 300px) 100vw, 300px" /></a></figure></div>



<p>Beide Abende werden am&nbsp;<strong>1.10.25</strong>&nbsp;um&nbsp;<strong>14:00 Uhr</strong> freigeschaltet. Die Tickets können natürlich auch vor Ort gekauft werden. Auch hier ist der Verkaufsbeginn der 1.10.25 um 14:00 Uhr. Unsere Vorverkaufsstellen sind:</p>



<p><strong>CITTI Ticketcenter<br></strong>Mühlendamm 1<br>24113 Kiel</p>



<p><strong>Liesegang Ticketkontor<br></strong>Holstenstraße 106-108<br>24103 Kiel</p>



<div class="wp-block-columns are-vertically-aligned-top is-layout-flex wp-container-core-columns-is-layout-9d6595d7 wp-block-columns-is-layout-flex">
<div class="wp-block-column is-layout-flow wp-block-column-is-layout-flow" style="flex-basis:68%">
<figure class="wp-block-image size-large"><a href="https://www.a-cappella-party.de/wordpress/wp-content/uploads/2025/09/Saalplan-Audimax-2025.png"><img loading="lazy" decoding="async" width="1024" height="962" src="https://www.a-cappella-party.de/wordpress/wp-content/uploads/2025/09/Saalplan-Audimax-2025-1024x962.png" alt="" class="wp-image-200" srcset="https://www.a-cappella-party.de/wordpress/wp-content/uploads/2025/09/Saalplan-Audimax-2025-1024x962.png 1024w, https://www.a-cappella-party.de/wordpress/wp-content/uploads/2025/09/Saalplan-Audimax-2025-300x282.png 300w, https://www.a-cappella-party.de/wordpress/wp-content/uploads/2025/09/Saalplan-Audimax-2025-768x721.png 768w, https://www.a-cappella-party.de/wordpress/wp-content/uploads/2025/09/Saalplan-Audimax-2025-1536x1443.png 1536w, https://www.a-cappella-party.de/wordpress/wp-content/uploads/2025/09/Saalplan-Audimax-2025-2048x1924.png 2048w" sizes="auto, (max-width: 1024px) 100vw, 1024px" /></a></figure>
</div>



<div class="wp-block-column is-layout-flow wp-block-column-is-layout-flow" style="flex-basis:32%">
<p><strong><strong>Preisgruppe I</strong></strong>&nbsp;(rot)<br>32 €, ermäßigt 29 €</p>



<p><strong> <strong>Preisgruppe II</strong></strong>&nbsp;(gelb)<br>26 €, ermäßigt 23 €</p>



<p><strong>Preisgruppe III</strong>&nbsp;(grün)<br>20 €, ermäßigt 17 €</p>



<p><strong>Preisgruppe IV</strong>&nbsp;(blau)<br>16 €, ermäßigt 13 €</p>



<p>Rolli-Fahrer (20 € Parkett Reihe 1+2 am Rand) können eine Begleitperson kostenlos mitbringen. Ihr kauft gemeinsam ein Ticket, neben dem Sitz für die Begleitperson ist gut Platz für den Rollstuhl.</p>
</div>
</div>

<p>Hier geht es zumOnline-Vorverkauf Beide Abende werden am&nbsp;1.10.25&nbsp;um&nbsp;14:00 Uhr freigeschaltet. Die Tickets können natürlich auch vor Ort gekauft werden. Auch hier ist der Verkaufsbeginn der 1.10.25 um 14:00 Uhr. Unsere Vorverkaufsstellen sind: CITTI TicketcenterMühlendamm 124113 Kiel Liesegang TicketkontorHolstenstraße 106-10824103 Kiel Preisgruppe I&nbsp;(rot)32 €, ermäßigt 29 € Preisgruppe II&nbsp;(gelb)26 €, ermäßigt 23 € Preisgruppe III&nbsp;(grün)20 €, [&hellip;]</p>
